{"id":911,"date":"2016-12-30T09:53:39","date_gmt":"2016-12-30T09:53:39","guid":{"rendered":"http:\/\/www.abracarnatureza.eu\/?page_id=911"},"modified":"2017-05-19T13:30:06","modified_gmt":"2017-05-19T13:30:06","slug":"papeis-de-parede","status":"publish","type":"page","link":"http:\/\/www.abracarnatureza.eu\/?page_id=911","title":{"rendered":"Pap\u00e9is de Parede"},"content":{"rendered":"\n<div class=\"twitter-share\"><a href=\"https:\/\/twitter.com\/intent\/tweet\" class=\"twitter-share-button\">Tweet<\/a><\/div>\n<h6 style=\"padding-left: 30px;\"><\/h6>\n<blockquote>\n<h6 style=\"padding-left: 30px;\"><div class='w3eden'><!-- WPDM Link Template: Default Template -->\n\n<div class=\"link-template-default card mb-2\">\n    <div class=\"card-body\">\n        <div class=\"media\">\n            <div class=\"mr-3 img-48\"><img class=\"wpdm_icon\" alt=\"Icon\"   src=\"http:\/\/www.abracarnatureza.eu\/wp-content\/plugins\/download-manager\/assets\/file-type-icons\/jpeg.png\" \/><\/div>\n            <div class=\"media-body\">\n                <h3 class=\"package-title\"><a href='http:\/\/www.abracarnatureza.eu\/?wpdmpro=passadicos-torreira-aveiro-portugal'>Passadi\u00e7os, Torreira, Aveiro, Portugal<\/a><\/h3>\n                <div class=\"text-muted text-small\"><i class=\"fas fa-copy\"><\/i> 1 file(s) <i class=\"fas fa-hdd ml-3\"><\/i> 13.84 MB<\/div>\n            <\/div>\n            <div class=\"ml-3\">\n                <a class='wpdm-download-link download-on-click btn btn-primary ' rel='nofollow' href='#' data-downloadurl=\"http:\/\/www.abracarnatureza.eu\/?wpdmpro=passadicos-torreira-aveiro-portugal&wpdmdl=857&refresh=69f33c41be8231777548353\">Download<\/a>\n            <\/div>\n        <\/div>\n    <\/div>\n<\/div>\n\n<\/div><\/h6>\n<h6 style=\"padding-left: 30px;\"><div class='w3eden'><!-- WPDM Link Template: Default Template -->\n\n<div class=\"link-template-default card mb-2\">\n    <div class=\"card-body\">\n        <div class=\"media\">\n            <div class=\"mr-3 img-48\"><img class=\"wpdm_icon\" alt=\"Icon\"   src=\"http:\/\/www.abracarnatureza.eu\/wp-content\/plugins\/download-manager\/assets\/file-type-icons\/jpeg.png\" \/><\/div>\n            <div class=\"media-body\">\n                <h3 class=\"package-title\"><a href='http:\/\/www.abracarnatureza.eu\/?wpdmpro=folhas-soutelo-vila-verde-portugal'>Folhas, Soutelo, Vila Verde, Portugal<\/a><\/h3>\n                <div class=\"text-muted text-small\"><i class=\"fas fa-copy\"><\/i> 1 file(s) <i class=\"fas fa-hdd ml-3\"><\/i> 12.22 MB<\/div>\n            <\/div>\n            <div class=\"ml-3\">\n                <a class='wpdm-download-link download-on-click btn btn-primary ' rel='nofollow' href='#' data-downloadurl=\"http:\/\/www.abracarnatureza.eu\/?wpdmpro=folhas-soutelo-vila-verde-portugal&wpdmdl=855&refresh=69f33c41c0b851777548353\">Download<\/a>\n            <\/div>\n        <\/div>\n    <\/div>\n<\/div>\n\n<\/div><\/h6>\n<h6 style=\"padding-left: 30px;\"><div class='w3eden'><!-- WPDM Link Template: Default Template -->\n\n<div class=\"link-template-default card mb-2\">\n    <div class=\"card-body\">\n        <div class=\"media\">\n            <div class=\"mr-3 img-48\"><img class=\"wpdm_icon\" alt=\"Icon\"   src=\"http:\/\/www.abracarnatureza.eu\/wp-content\/plugins\/download-manager\/assets\/file-type-icons\/jpeg.png\" \/><\/div>\n            <div class=\"media-body\">\n                <h3 class=\"package-title\"><a href='http:\/\/www.abracarnatureza.eu\/?wpdmpro=centro-interpretativo-lagoas-de-bertiandos-ponte-de-lima-portugal'>Centro Interpretativo, Lagoas de Bertiandos, Ponte de Lima, Portugal<\/a><\/h3>\n                <div class=\"text-muted text-small\"><i class=\"fas fa-copy\"><\/i> 1 file(s) <i class=\"fas fa-hdd ml-3\"><\/i> 11.68 MB<\/div>\n            <\/div>\n            <div class=\"ml-3\">\n                <a class='wpdm-download-link download-on-click btn btn-primary ' rel='nofollow' href='#' data-downloadurl=\"http:\/\/www.abracarnatureza.eu\/?wpdmpro=centro-interpretativo-lagoas-de-bertiandos-ponte-de-lima-portugal&wpdmdl=853&refresh=69f33c41c1efe1777548353\">Download<\/a>\n            <\/div>\n        <\/div>\n    <\/div>\n<\/div>\n\n<\/div><\/h6>\n<h6 style=\"padding-left: 30px;\"><div class='w3eden'><!-- WPDM Link Template: Default Template -->\n\n<div class=\"link-template-default card mb-2\">\n    <div class=\"card-body\">\n        <div class=\"media\">\n            <div class=\"mr-3 img-48\"><img class=\"wpdm_icon\" alt=\"Icon\"   src=\"http:\/\/www.abracarnatureza.eu\/wp-content\/plugins\/download-manager\/assets\/file-type-icons\/jpg.png\" \/><\/div>\n            <div class=\"media-body\">\n                <h3 class=\"package-title\"><a href='http:\/\/www.abracarnatureza.eu\/?wpdmpro=arvore-solitaria-zurique-suica'>\u00c1rvore solit\u00e1ria, Zurique, Su\u00ed\u00e7a<\/a><\/h3>\n                <div class=\"text-muted text-small\"><i class=\"fas fa-copy\"><\/i> 1 file(s) <i class=\"fas fa-hdd ml-3\"><\/i> 10.06 MB<\/div>\n            <\/div>\n            <div class=\"ml-3\">\n                <a class='wpdm-download-link download-on-click btn btn-primary ' rel='nofollow' href='#' data-downloadurl=\"http:\/\/www.abracarnatureza.eu\/?wpdmpro=arvore-solitaria-zurique-suica&wpdmdl=851&refresh=69f33c41c319f1777548353\">Download<\/a>\n            <\/div>\n        <\/div>\n    <\/div>\n<\/div>\n\n<\/div><\/h6>\n<h6 style=\"padding-left: 30px;\"><div class='w3eden'><!-- WPDM Link Template: Default Template -->\n\n<div class=\"link-template-default card mb-2\">\n    <div class=\"card-body\">\n        <div class=\"media\">\n            <div class=\"mr-3 img-48\"><img class=\"wpdm_icon\" alt=\"Icon\"   src=\"http:\/\/www.abracarnatureza.eu\/wp-content\/plugins\/download-manager\/assets\/file-type-icons\/jpeg.png\" \/><\/div>\n            <div class=\"media-body\">\n                <h3 class=\"package-title\"><a href='http:\/\/www.abracarnatureza.eu\/?wpdmpro=pnpg-inside-the-forest-gave-melgaco'>PNPG \"Inside The Forest\", Gave, Melga\u00e7o<\/a><\/h3>\n                <div class=\"text-muted text-small\"><i class=\"fas fa-copy\"><\/i> 1 file(s) <i class=\"fas fa-hdd ml-3\"><\/i> 12.73 MB<\/div>\n            <\/div>\n            <div class=\"ml-3\">\n                <a class='wpdm-download-link download-on-click btn btn-primary ' rel='nofollow' href='#' data-downloadurl=\"http:\/\/www.abracarnatureza.eu\/?wpdmpro=pnpg-inside-the-forest-gave-melgaco&wpdmdl=1015&refresh=69f33c41c453e1777548353\">Download<\/a>\n            <\/div>\n        <\/div>\n    <\/div>\n<\/div>\n\n<\/div><\/h6>\n<h6 style=\"padding-left: 30px;\"><div class='w3eden'><!-- WPDM Link Template: Default Template -->\n\n<div class=\"link-template-default card mb-2\">\n    <div class=\"card-body\">\n        <div class=\"media\">\n            <div class=\"mr-3 img-48\"><img class=\"wpdm_icon\" alt=\"Icon\"   src=\"http:\/\/www.abracarnatureza.eu\/wp-content\/plugins\/download-manager\/assets\/file-type-icons\/jpeg.png\" \/><\/div>\n            <div class=\"media-body\">\n                <h3 class=\"package-title\"><a href='http:\/\/www.abracarnatureza.eu\/?wpdmpro=cascata-do-pinho-amonde-viana-do-castelo-portugal'>Cascata do Pincho, Amonde, Viana do Castelo, Portugal<\/a><\/h3>\n                <div class=\"text-muted text-small\"><i class=\"fas fa-copy\"><\/i> 1 file(s) <i class=\"fas fa-hdd ml-3\"><\/i> 7.29 MB<\/div>\n            <\/div>\n            <div class=\"ml-3\">\n                <a class='wpdm-download-link download-on-click btn btn-primary ' rel='nofollow' href='#' data-downloadurl=\"http:\/\/www.abracarnatureza.eu\/?wpdmpro=cascata-do-pinho-amonde-viana-do-castelo-portugal&wpdmdl=1606&refresh=69f33c41c564a1777548353\">Download<\/a>\n            <\/div>\n        <\/div>\n    <\/div>\n<\/div>\n\n<\/div><\/h6>\n<h6 style=\"padding-left: 30px;\"><div class='w3eden'><!-- WPDM Link Template: Default Template -->\n\n<div class=\"link-template-default card mb-2\">\n    <div class=\"card-body\">\n        <div class=\"media\">\n            <div class=\"mr-3 img-48\"><img class=\"wpdm_icon\" alt=\"Icon\"   src=\"http:\/\/www.abracarnatureza.eu\/wp-content\/plugins\/download-manager\/assets\/file-type-icons\/jpeg.png\" \/><\/div>\n            <div class=\"media-body\">\n                <h3 class=\"package-title\"><a href='http:\/\/www.abracarnatureza.eu\/?wpdmpro=flor-ponte-nova-loureira-vila-verde-portugal'>Flor, Ponte Nova, Loureira, Vila Verde, Portugal<\/a><\/h3>\n                <div class=\"text-muted text-small\"><i class=\"fas fa-copy\"><\/i> 1 file(s) <i class=\"fas fa-hdd ml-3\"><\/i> 528.93 KB<\/div>\n            <\/div>\n            <div class=\"ml-3\">\n                <a class='wpdm-download-link download-on-click btn btn-primary ' rel='nofollow' href='#' data-downloadurl=\"http:\/\/www.abracarnatureza.eu\/?wpdmpro=flor-ponte-nova-loureira-vila-verde-portugal&wpdmdl=1610&refresh=69f33c41c667d1777548353\">Download<\/a>\n            <\/div>\n        <\/div>\n    <\/div>\n<\/div>\n\n<\/div><\/h6>\n<p>&nbsp;<\/p>\n<div class=\"gmedia_gallery gmediaShortcodeError\" data-gmid=\"12\" data-error=\"phantom: folder missed or module broken\"><\/div>\n<p>&nbsp;<\/p><\/blockquote>\n","protected":false},"excerpt":{"rendered":"<p>&nbsp; &nbsp;<\/p>\n","protected":false},"author":4,"featured_media":0,"parent":18,"menu_order":0,"comment_status":"closed","ping_status":"closed","template":"","meta":{"_mi_skip_tracking":false,"_links_to":"","_links_to_target":""},"_links":{"self":[{"href":"http:\/\/www.abracarnatureza.eu\/index.php?rest_route=\/wp\/v2\/pages\/911"}],"collection":[{"href":"http:\/\/www.abracarnatureza.eu\/index.php?rest_route=\/wp\/v2\/pages"}],"about":[{"href":"http:\/\/www.abracarnatureza.eu\/index.php?rest_route=\/wp\/v2\/types\/page"}],"author":[{"embeddable":true,"href":"http:\/\/www.abracarnatureza.eu\/index.php?rest_route=\/wp\/v2\/users\/4"}],"replies":[{"embeddable":true,"href":"http:\/\/www.abracarnatureza.eu\/index.php?rest_route=%2Fwp%2Fv2%2Fcomments&post=911"}],"version-history":[{"count":8,"href":"http:\/\/www.abracarnatureza.eu\/index.php?rest_route=\/wp\/v2\/pages\/911\/revisions"}],"predecessor-version":[{"id":2444,"href":"http:\/\/www.abracarnatureza.eu\/index.php?rest_route=\/wp\/v2\/pages\/911\/revisions\/2444"}],"up":[{"embeddable":true,"href":"http:\/\/www.abracarnatureza.eu\/index.php?rest_route=\/wp\/v2\/pages\/18"}],"wp:attachment":[{"href":"http:\/\/www.abracarnatureza.eu\/index.php?rest_route=%2Fwp%2Fv2%2Fmedia&parent=911"}],"curies":[{"name":"wp","href":"https:\/\/api.w.org\/{rel}","templated":true}]}}

Papéis de Parede

<div class="twitter-share"><a href="https://twitter.com/intent/tweet" class="twitter-share-button">Tweet</a></div>
<h6 style="padding-left: 30px;"></h6>
<blockquote>
<h6 style="padding-left: 30px;"><div class='w3eden'><!-- WPDM Link Template: Default Template -->

<div class="link-template-default card mb-2">
    <div class="card-body">
        <div class="media">
            <div class="mr-3 img-48"><img class="wpdm_icon" alt="Icon"   src="http://www.abracarnatureza.eu/wp-content/plugins/download-manager/assets/file-type-icons/jpeg.png" /></div>
            <div class="media-body">
                <h3 class="package-title"><a href='http://www.abracarnatureza.eu/?wpdmpro=passadicos-torreira-aveiro-portugal'>Passadiços, Torreira, Aveiro, Portugal</a></h3>
                <div class="text-muted text-small"><i class="fas fa-copy"></i> 1 file(s) <i class="fas fa-hdd ml-3"></i> 13.84 MB</div>
            </div>
            <div class="ml-3">
                <a class='wpdm-download-link download-on-click btn btn-primary ' rel='nofollow' href='#' data-downloadurl="http://www.abracarnatureza.eu/?wpdmpro=passadicos-torreira-aveiro-portugal&wpdmdl=857&refresh=69f33c41be8231777548353">Download</a>
            </div>
        </div>
    </div>
</div>

</div></h6>
<h6 style="padding-left: 30px;"><div class='w3eden'><!-- WPDM Link Template: Default Template -->

<div class="link-template-default card mb-2">
    <div class="card-body">
        <div class="media">
            <div class="mr-3 img-48"><img class="wpdm_icon" alt="Icon"   src="http://www.abracarnatureza.eu/wp-content/plugins/download-manager/assets/file-type-icons/jpeg.png" /></div>
            <div class="media-body">
                <h3 class="package-title"><a href='http://www.abracarnatureza.eu/?wpdmpro=folhas-soutelo-vila-verde-portugal'>Folhas, Soutelo, Vila Verde, Portugal</a></h3>
                <div class="text-muted text-small"><i class="fas fa-copy"></i> 1 file(s) <i class="fas fa-hdd ml-3"></i> 12.22 MB</div>
            </div>
            <div class="ml-3">
                <a class='wpdm-download-link download-on-click btn btn-primary ' rel='nofollow' href='#' data-downloadurl="http://www.abracarnatureza.eu/?wpdmpro=folhas-soutelo-vila-verde-portugal&wpdmdl=855&refresh=69f33c41c0b851777548353">Download</a>
            </div>
        </div>
    </div>
</div>

</div></h6>
<h6 style="padding-left: 30px;"><div class='w3eden'><!-- WPDM Link Template: Default Template -->

<div class="link-template-default card mb-2">
    <div class="card-body">
        <div class="media">
            <div class="mr-3 img-48"><img class="wpdm_icon" alt="Icon"   src="http://www.abracarnatureza.eu/wp-content/plugins/download-manager/assets/file-type-icons/jpeg.png" /></div>
            <div class="media-body">
                <h3 class="package-title"><a href='http://www.abracarnatureza.eu/?wpdmpro=centro-interpretativo-lagoas-de-bertiandos-ponte-de-lima-portugal'>Centro Interpretativo, Lagoas de Bertiandos, Ponte de Lima, Portugal</a></h3>
                <div class="text-muted text-small"><i class="fas fa-copy"></i> 1 file(s) <i class="fas fa-hdd ml-3"></i> 11.68 MB</div>
            </div>
            <div class="ml-3">
                <a class='wpdm-download-link download-on-click btn btn-primary ' rel='nofollow' href='#' data-downloadurl="http://www.abracarnatureza.eu/?wpdmpro=centro-interpretativo-lagoas-de-bertiandos-ponte-de-lima-portugal&wpdmdl=853&refresh=69f33c41c1efe1777548353">Download</a>
            </div>
        </div>
    </div>
</div>

</div></h6>
<h6 style="padding-left: 30px;"><div class='w3eden'><!-- WPDM Link Template: Default Template -->

<div class="link-template-default card mb-2">
    <div class="card-body">
        <div class="media">
            <div class="mr-3 img-48"><img class="wpdm_icon" alt="Icon"   src="http://www.abracarnatureza.eu/wp-content/plugins/download-manager/assets/file-type-icons/jpg.png" /></div>
            <div class="media-body">
                <h3 class="package-title"><a href='http://www.abracarnatureza.eu/?wpdmpro=arvore-solitaria-zurique-suica'>Árvore solitária, Zurique, Suíça</a></h3>
                <div class="text-muted text-small"><i class="fas fa-copy"></i> 1 file(s) <i class="fas fa-hdd ml-3"></i> 10.06 MB</div>
            </div>
            <div class="ml-3">
                <a class='wpdm-download-link download-on-click btn btn-primary ' rel='nofollow' href='#' data-downloadurl="http://www.abracarnatureza.eu/?wpdmpro=arvore-solitaria-zurique-suica&wpdmdl=851&refresh=69f33c41c319f1777548353">Download</a>
            </div>
        </div>
    </div>
</div>

</div></h6>
<h6 style="padding-left: 30px;"><div class='w3eden'><!-- WPDM Link Template: Default Template -->

<div class="link-template-default card mb-2">
    <div class="card-body">
        <div class="media">
            <div class="mr-3 img-48"><img class="wpdm_icon" alt="Icon"   src="http://www.abracarnatureza.eu/wp-content/plugins/download-manager/assets/file-type-icons/jpeg.png" /></div>
            <div class="media-body">
                <h3 class="package-title"><a href='http://www.abracarnatureza.eu/?wpdmpro=pnpg-inside-the-forest-gave-melgaco'>PNPG "Inside The Forest", Gave, Melgaço</a></h3>
                <div class="text-muted text-small"><i class="fas fa-copy"></i> 1 file(s) <i class="fas fa-hdd ml-3"></i> 12.73 MB</div>
            </div>
            <div class="ml-3">
                <a class='wpdm-download-link download-on-click btn btn-primary ' rel='nofollow' href='#' data-downloadurl="http://www.abracarnatureza.eu/?wpdmpro=pnpg-inside-the-forest-gave-melgaco&wpdmdl=1015&refresh=69f33c41c453e1777548353">Download</a>
            </div>
        </div>
    </div>
</div>

</div></h6>
<h6 style="padding-left: 30px;"><div class='w3eden'><!-- WPDM Link Template: Default Template -->

<div class="link-template-default card mb-2">
    <div class="card-body">
        <div class="media">
            <div class="mr-3 img-48"><img class="wpdm_icon" alt="Icon"   src="http://www.abracarnatureza.eu/wp-content/plugins/download-manager/assets/file-type-icons/jpeg.png" /></div>
            <div class="media-body">
                <h3 class="package-title"><a href='http://www.abracarnatureza.eu/?wpdmpro=cascata-do-pinho-amonde-viana-do-castelo-portugal'>Cascata do Pincho, Amonde, Viana do Castelo, Portugal</a></h3>
                <div class="text-muted text-small"><i class="fas fa-copy"></i> 1 file(s) <i class="fas fa-hdd ml-3"></i> 7.29 MB</div>
            </div>
            <div class="ml-3">
                <a class='wpdm-download-link download-on-click btn btn-primary ' rel='nofollow' href='#' data-downloadurl="http://www.abracarnatureza.eu/?wpdmpro=cascata-do-pinho-amonde-viana-do-castelo-portugal&wpdmdl=1606&refresh=69f33c41c564a1777548353">Download</a>
            </div>
        </div>
    </div>
</div>

</div></h6>
<h6 style="padding-left: 30px;"><div class='w3eden'><!-- WPDM Link Template: Default Template -->

<div class="link-template-default card mb-2">
    <div class="card-body">
        <div class="media">
            <div class="mr-3 img-48"><img class="wpdm_icon" alt="Icon"   src="http://www.abracarnatureza.eu/wp-content/plugins/download-manager/assets/file-type-icons/jpeg.png" /></div>
            <div class="media-body">
                <h3 class="package-title"><a href='http://www.abracarnatureza.eu/?wpdmpro=flor-ponte-nova-loureira-vila-verde-portugal'>Flor, Ponte Nova, Loureira, Vila Verde, Portugal</a></h3>
                <div class="text-muted text-small"><i class="fas fa-copy"></i> 1 file(s) <i class="fas fa-hdd ml-3"></i> 528.93 KB</div>
            </div>
            <div class="ml-3">
                <a class='wpdm-download-link download-on-click btn btn-primary ' rel='nofollow' href='#' data-downloadurl="http://www.abracarnatureza.eu/?wpdmpro=flor-ponte-nova-loureira-vila-verde-portugal&wpdmdl=1610&refresh=69f33c41c667d1777548353">Download</a>
            </div>
        </div>
    </div>
</div>

</div></h6>
<p>&nbsp;</p>
<div class="gmedia_gallery gmediaShortcodeError" data-gmid="12" data-error="phantom: folder missed or module broken"></div>
<p>&nbsp;</p></blockquote>
