{"id":1305,"date":"2017-04-27T08:02:37","date_gmt":"2017-04-27T08:02:37","guid":{"rendered":"http:\/\/www.abracarnatureza.eu\/?page_id=1305"},"modified":"2017-05-19T13:29:00","modified_gmt":"2017-05-19T13:29:00","slug":"entidades-colaboradoras","status":"publish","type":"page","link":"http:\/\/www.abracarnatureza.eu\/?page_id=1305","title":{"rendered":"Entidades Colaboradoras"},"content":{"rendered":"\n<div class=\"twitter-share\"><a href=\"https:\/\/twitter.com\/intent\/tweet\" class=\"twitter-share-button\">Tweet<\/a><\/div>\n<p>&nbsp;<\/p>\n<table border=\"0\">\n<tbody>\n<tr>\n<td><a href=\"http:\/\/www.visitesposende.com\" target=\"_blank\" rel=\"noopener noreferrer\"><img loading=\"lazy\" class=\"alignnone wp-image-1310\" src=\"http:\/\/www.abracarnatureza.eu\/wp-content\/uploads\/esposende-logotipo-principal-1.png\" alt=\"\" width=\"232\" height=\"50\" srcset=\"http:\/\/www.abracarnatureza.eu\/wp-content\/uploads\/esposende-logotipo-principal-1.png 557w, http:\/\/www.abracarnatureza.eu\/wp-content\/uploads\/esposende-logotipo-principal-1-300x65.png 300w, http:\/\/www.abracarnatureza.eu\/wp-content\/uploads\/esposende-logotipo-principal-1-410x88.png 410w, http:\/\/www.abracarnatureza.eu\/wp-content\/uploads\/esposende-logotipo-principal-1-100x22.png 100w, http:\/\/www.abracarnatureza.eu\/wp-content\/uploads\/esposende-logotipo-principal-1-275x59.png 275w\" sizes=\"(max-width: 232px) 100vw, 232px\" \/><\/a><\/td>\n<td>Portal de Turismo Visite Esposende<\/td>\n<td><\/td>\n<\/tr>\n<tr>\n<td><a href=\"http:\/\/www.cm-vilaverde.pt\" target=\"_blank\" rel=\"noopener noreferrer\"><img loading=\"lazy\" class=\"alignnone wp-image-1807\" src=\"http:\/\/www.abracarnatureza.eu\/wp-content\/uploads\/2017\/04\/municipio.vila_.verde2_.png\" alt=\"\" width=\"130\" height=\"50\" srcset=\"http:\/\/www.abracarnatureza.eu\/wp-content\/uploads\/2017\/04\/municipio.vila_.verde2_.png 259w, http:\/\/www.abracarnatureza.eu\/wp-content\/uploads\/2017\/04\/municipio.vila_.verde2_-100x39.png 100w\" sizes=\"(max-width: 130px) 100vw, 130px\" \/><\/a><\/td>\n<td>Munic\u00edpio de Vila Verde<\/td>\n<td><a href=\"https:\/\/www.facebook.com\/municipiovilaverde\/\" target=\"_blank\" rel=\"noopener noreferrer\"><img loading=\"lazy\" class=\"alignnone wp-image-99\" src=\"http:\/\/www.abracarnatureza.eu\/wp-content\/uploads\/icon-facebook-150x150.png\" alt=\"\" width=\"25\" height=\"25\" srcset=\"http:\/\/www.abracarnatureza.eu\/wp-content\/uploads\/icon-facebook-150x150.png 150w, http:\/\/www.abracarnatureza.eu\/wp-content\/uploads\/icon-facebook-100x100.png 100w, http:\/\/www.abracarnatureza.eu\/wp-content\/uploads\/icon-facebook.png 170w\" sizes=\"(max-width: 25px) 100vw, 25px\" \/><\/a><\/td>\n<\/tr>\n<tr>\n<td><a href=\"http:\/\/www.cm-barcelos.pt\" target=\"_blank\" rel=\"noopener noreferrer\"><img loading=\"lazy\" class=\"alignnone wp-image-1658\" src=\"http:\/\/www.abracarnatureza.eu\/wp-content\/uploads\/2017\/04\/municipio.barcelos-300x96.jpg\" alt=\"\" width=\"157\" height=\"50\" srcset=\"http:\/\/www.abracarnatureza.eu\/wp-content\/uploads\/2017\/04\/municipio.barcelos-300x96.jpg 300w, http:\/\/www.abracarnatureza.eu\/wp-content\/uploads\/2017\/04\/municipio.barcelos-768x245.jpg 768w, http:\/\/www.abracarnatureza.eu\/wp-content\/uploads\/2017\/04\/municipio.barcelos-600x192.jpg 600w, http:\/\/www.abracarnatureza.eu\/wp-content\/uploads\/2017\/04\/municipio.barcelos-410x131.jpg 410w, http:\/\/www.abracarnatureza.eu\/wp-content\/uploads\/2017\/04\/municipio.barcelos-100x32.jpg 100w, http:\/\/www.abracarnatureza.eu\/wp-content\/uploads\/2017\/04\/municipio.barcelos-275x88.jpg 275w, http:\/\/www.abracarnatureza.eu\/wp-content\/uploads\/2017\/04\/municipio.barcelos.jpg 933w\" sizes=\"(max-width: 157px) 100vw, 157px\" \/><\/a><\/td>\n<td>Munic\u00edpio de Barcelos<\/td>\n<td><\/td>\n<\/tr>\n<tr>\n<td><a href=\"http:\/\/guimaraesturismo.com\/\" target=\"_blank\" rel=\"noopener noreferrer\"><img loading=\"lazy\" class=\"alignnone wp-image-1804\" src=\"http:\/\/www.abracarnatureza.eu\/wp-content\/uploads\/2017\/04\/guimaraes.turismo.png\" alt=\"\" width=\"195\" height=\"50\" srcset=\"http:\/\/www.abracarnatureza.eu\/wp-content\/uploads\/2017\/04\/guimaraes.turismo.png 234w, http:\/\/www.abracarnatureza.eu\/wp-content\/uploads\/2017\/04\/guimaraes.turismo-100x26.png 100w\" sizes=\"(max-width: 195px) 100vw, 195px\" \/><\/a><\/td>\n<td>Guimar\u00e3es Turismo<\/td>\n<td><\/td>\n<\/tr>\n<\/tbody>\n<\/table>\n<p>&nbsp;<\/p>\n","protected":false},"excerpt":{"rendered":"<p>&nbsp; Portal de Turismo Visite Esposende Munic\u00edpio de Vila Verde Munic\u00edpio de Barcelos Guimar\u00e3es Turismo &nbsp;<\/p>\n","protected":false},"author":4,"featured_media":0,"parent":13,"menu_order":0,"comment_status":"closed","ping_status":"closed","template":"","meta":{"_mi_skip_tracking":false,"_links_to":"","_links_to_target":""},"_links":{"self":[{"href":"http:\/\/www.abracarnatureza.eu\/index.php?rest_route=\/wp\/v2\/pages\/1305"}],"collection":[{"href":"http:\/\/www.abracarnatureza.eu\/index.php?rest_route=\/wp\/v2\/pages"}],"about":[{"href":"http:\/\/www.abracarnatureza.eu\/index.php?rest_route=\/wp\/v2\/types\/page"}],"author":[{"embeddable":true,"href":"http:\/\/www.abracarnatureza.eu\/index.php?rest_route=\/wp\/v2\/users\/4"}],"replies":[{"embeddable":true,"href":"http:\/\/www.abracarnatureza.eu\/index.php?rest_route=%2Fwp%2Fv2%2Fcomments&post=1305"}],"version-history":[{"count":17,"href":"http:\/\/www.abracarnatureza.eu\/index.php?rest_route=\/wp\/v2\/pages\/1305\/revisions"}],"predecessor-version":[{"id":2438,"href":"http:\/\/www.abracarnatureza.eu\/index.php?rest_route=\/wp\/v2\/pages\/1305\/revisions\/2438"}],"up":[{"embeddable":true,"href":"http:\/\/www.abracarnatureza.eu\/index.php?rest_route=\/wp\/v2\/pages\/13"}],"wp:attachment":[{"href":"http:\/\/www.abracarnatureza.eu\/index.php?rest_route=%2Fwp%2Fv2%2Fmedia&parent=1305"}],"curies":[{"name":"wp","href":"https:\/\/api.w.org\/{rel}","templated":true}]}}

<div class="twitter-share"><a href="https://twitter.com/intent/tweet" class="twitter-share-button">Tweet</a></div>
<p>&nbsp;</p>
<table border="0">
<tbody>
<tr>
<td><a href="http://www.visitesposende.com" target="_blank" rel="noopener noreferrer"><img loading="lazy" class="alignnone wp-image-1310" src="http://www.abracarnatureza.eu/wp-content/uploads/esposende-logotipo-principal-1.png" alt="" width="232" height="50" srcset="http://www.abracarnatureza.eu/wp-content/uploads/esposende-logotipo-principal-1.png 557w, http://www.abracarnatureza.eu/wp-content/uploads/esposende-logotipo-principal-1-300x65.png 300w, http://www.abracarnatureza.eu/wp-content/uploads/esposende-logotipo-principal-1-410x88.png 410w, http://www.abracarnatureza.eu/wp-content/uploads/esposende-logotipo-principal-1-100x22.png 100w, http://www.abracarnatureza.eu/wp-content/uploads/esposende-logotipo-principal-1-275x59.png 275w" sizes="(max-width: 232px) 100vw, 232px" /></a></td>
<td>Portal de Turismo Visite Esposende</td>
<td></td>
</tr>
<tr>
<td><a href="http://www.cm-vilaverde.pt" target="_blank" rel="noopener noreferrer"><img loading="lazy" class="alignnone wp-image-1807" src="http://www.abracarnatureza.eu/wp-content/uploads/2017/04/municipio.vila_.verde2_.png" alt="" width="130" height="50" srcset="http://www.abracarnatureza.eu/wp-content/uploads/2017/04/municipio.vila_.verde2_.png 259w, http://www.abracarnatureza.eu/wp-content/uploads/2017/04/municipio.vila_.verde2_-100x39.png 100w" sizes="(max-width: 130px) 100vw, 130px" /></a></td>
<td>Município de Vila Verde</td>
<td><a href="https://www.facebook.com/municipiovilaverde/" target="_blank" rel="noopener noreferrer"><img loading="lazy" class="alignnone wp-image-99" src="http://www.abracarnatureza.eu/wp-content/uploads/icon-facebook-150x150.png" alt="" width="25" height="25" srcset="http://www.abracarnatureza.eu/wp-content/uploads/icon-facebook-150x150.png 150w, http://www.abracarnatureza.eu/wp-content/uploads/icon-facebook-100x100.png 100w, http://www.abracarnatureza.eu/wp-content/uploads/icon-facebook.png 170w" sizes="(max-width: 25px) 100vw, 25px" /></a></td>
</tr>
<tr>
<td><a href="http://www.cm-barcelos.pt" target="_blank" rel="noopener noreferrer"><img loading="lazy" class="alignnone wp-image-1658" src="http://www.abracarnatureza.eu/wp-content/uploads/2017/04/municipio.barcelos-300x96.jpg" alt="" width="157" height="50" srcset="http://www.abracarnatureza.eu/wp-content/uploads/2017/04/municipio.barcelos-300x96.jpg 300w, http://www.abracarnatureza.eu/wp-content/uploads/2017/04/municipio.barcelos-768x245.jpg 768w, http://www.abracarnatureza.eu/wp-content/uploads/2017/04/municipio.barcelos-600x192.jpg 600w, http://www.abracarnatureza.eu/wp-content/uploads/2017/04/municipio.barcelos-410x131.jpg 410w, http://www.abracarnatureza.eu/wp-content/uploads/2017/04/municipio.barcelos-100x32.jpg 100w, http://www.abracarnatureza.eu/wp-content/uploads/2017/04/municipio.barcelos-275x88.jpg 275w, http://www.abracarnatureza.eu/wp-content/uploads/2017/04/municipio.barcelos.jpg 933w" sizes="(max-width: 157px) 100vw, 157px" /></a></td>
<td>Município de Barcelos</td>
<td></td>
</tr>
<tr>
<td><a href="http://guimaraesturismo.com/" target="_blank" rel="noopener noreferrer"><img loading="lazy" class="alignnone wp-image-1804" src="http://www.abracarnatureza.eu/wp-content/uploads/2017/04/guimaraes.turismo.png" alt="" width="195" height="50" srcset="http://www.abracarnatureza.eu/wp-content/uploads/2017/04/guimaraes.turismo.png 234w, http://www.abracarnatureza.eu/wp-content/uploads/2017/04/guimaraes.turismo-100x26.png 100w" sizes="(max-width: 195px) 100vw, 195px" /></a></td>
<td>Guimarães Turismo</td>
<td></td>
</tr>
</tbody>
</table>
<p>&nbsp;</p>

<p>&nbsp; Portal de Turismo Visite Esposende Município de Vila Verde Município de Barcelos Guimarães Turismo &nbsp;</p>
