{"id":1303,"date":"2017-04-27T08:01:29","date_gmt":"2017-04-27T08:01:29","guid":{"rendered":"http:\/\/www.abracarnatureza.eu\/?page_id=1303"},"modified":"2017-05-19T13:28:30","modified_gmt":"2017-05-19T13:28:30","slug":"apoios","status":"publish","type":"page","link":"http:\/\/www.abracarnatureza.eu\/?page_id=1303","title":{"rendered":"Apoios"},"content":{"rendered":"\n<div class=\"twitter-share\"><a href=\"https:\/\/twitter.com\/intent\/tweet\" class=\"twitter-share-button\">Tweet<\/a><\/div>\n<blockquote><p><a href=\"http:\/\/www.novait.pt\/\" target=\"_blank\" rel=\"abracarnatureza.eu noopener noreferrer\"><img loading=\"lazy\" class=\"alignnone wp-image-1325\" src=\"http:\/\/www.abracarnatureza.eu\/wp-content\/uploads\/novait-logo.png\" alt=\"\" width=\"141\" height=\"50\" srcset=\"http:\/\/www.abracarnatureza.eu\/wp-content\/uploads\/novait-logo.png 2030w, http:\/\/www.abracarnatureza.eu\/wp-content\/uploads\/novait-logo-300x106.png 300w, http:\/\/www.abracarnatureza.eu\/wp-content\/uploads\/novait-logo-768x272.png 768w, http:\/\/www.abracarnatureza.eu\/wp-content\/uploads\/novait-logo-1024x362.png 1024w, http:\/\/www.abracarnatureza.eu\/wp-content\/uploads\/novait-logo-410x145.png 410w, http:\/\/www.abracarnatureza.eu\/wp-content\/uploads\/novait-logo-100x35.png 100w, http:\/\/www.abracarnatureza.eu\/wp-content\/uploads\/novait-logo-275x97.png 275w\" sizes=\"(max-width: 141px) 100vw, 141px\" \/><\/a>\u00a0<a href=\"http:\/\/www.novait.pt\/\" target=\"_blank\" rel=\"noopener noreferrer\">NovaIT Solu\u00e7\u00f5es Inform\u00e1ticas<\/a><\/p><\/blockquote>\n","protected":false},"excerpt":{"rendered":"<p>\u00a0NovaIT Solu\u00e7\u00f5es Inform\u00e1ticas<\/p>\n","protected":false},"author":4,"featured_media":0,"parent":13,"menu_order":0,"comment_status":"closed","ping_status":"closed","template":"","meta":{"_mi_skip_tracking":false,"_links_to":"","_links_to_target":""},"_links":{"self":[{"href":"http:\/\/www.abracarnatureza.eu\/index.php?rest_route=\/wp\/v2\/pages\/1303"}],"collection":[{"href":"http:\/\/www.abracarnatureza.eu\/index.php?rest_route=\/wp\/v2\/pages"}],"about":[{"href":"http:\/\/www.abracarnatureza.eu\/index.php?rest_route=\/wp\/v2\/types\/page"}],"author":[{"embeddable":true,"href":"http:\/\/www.abracarnatureza.eu\/index.php?rest_route=\/wp\/v2\/users\/4"}],"replies":[{"embeddable":true,"href":"http:\/\/www.abracarnatureza.eu\/index.php?rest_route=%2Fwp%2Fv2%2Fcomments&post=1303"}],"version-history":[{"count":7,"href":"http:\/\/www.abracarnatureza.eu\/index.php?rest_route=\/wp\/v2\/pages\/1303\/revisions"}],"predecessor-version":[{"id":2435,"href":"http:\/\/www.abracarnatureza.eu\/index.php?rest_route=\/wp\/v2\/pages\/1303\/revisions\/2435"}],"up":[{"embeddable":true,"href":"http:\/\/www.abracarnatureza.eu\/index.php?rest_route=\/wp\/v2\/pages\/13"}],"wp:attachment":[{"href":"http:\/\/www.abracarnatureza.eu\/index.php?rest_route=%2Fwp%2Fv2%2Fmedia&parent=1303"}],"curies":[{"name":"wp","href":"https:\/\/api.w.org\/{rel}","templated":true}]}}